erivative of -n**6/360 + 3*n**5/40 - n**4/4 + n**2. Let x(t) be the second derivative of b(t). Determine x(6).
-3
Suppose 0 = 2*s + 89 - 93. Let v(q) be the third derivative of 1/2*q**3 + 0 - q**s + 0*q + 1/6*q**4. Calculate v(-2).
-5
Let y(r) = -22*r**3 + 10*r - 8. Let b(z) = 10*z**3 - 4*z + 3. Let u(o) = -5*b(o) - 2*y(o). What is u(1)?
-5
Let l = -6 - -8. Let d(t) = 0*t**l - 77*t + t**2 + 69*t - 4. What is d(9)?
5
Suppose 4*m - 140 = -4*w, -3*m - 3*w + 8*w = -73. Let n(z) = m + 20 - 47 - z**2. Suppose 3*b = 4*o, -2*o - 5*b + 23 = -o. Calculate n(o).
-5
Let s(h) be the second derivative of -h**5/20 - h**4/4 + 2*h**3/3 - 5*h**2/2 - 284*h. Calculate s(-5).
25
Suppose 0*i = 3*i. Let v(m) be the second derivative of -1/6*m**3 + 0 + m**2 + 23*m. What is v(i)?
2
Let o(y) = 36*y - 2*y**2 - 1 - 8*y**3 - 2*y**3 + 33*y - 67*y. Give o(1).
-11
Let s(i) = 27*i**3 + 2*i**2 - 1. Let a be s(1). Let q(b) = 26*b + 1 - a*b - 3. Calculate q(2).
-6
Let a(i) = 2*i**3 - i**2 - 2*i - 3. Suppose 6*t = 17 - 29. Give a(t).
-19
Let i(t) = -14*t**2 - t - 1. Let v be (24/(-18))/(3/(-9)). Let g(b) = b**3 - 3*b**2 - 6*b + 7. Let k be g(v). What is i(k)?
-14
Let t(w) = -w**2 - 6*w - 7. Let z(m) be the third derivative of -m**5/60 + m**3/2 - m**2. Let p be z(-3). Determine t(p).
-7
Let o = -3 - 5. Let c(g) = -g**2 - 8*g + 1. Let k be c(o). Let s(b) be the first derivative of b**4 + b**2/2 + 67. Determine s(k).
5
Let f(c) = c**2 + 12*c + 13. Let d(m) be the third derivative of m**5/12 + 61*m**4/24 + 11*m**3 + 2*m**2. Let y(a) = -2*d(a) + 11*f(a). Give y(-8).
-5
Let t(m) = 2 - 1 - 2. Let s(a) = a + 3. Suppose z + 5 = 2. Let q(x) = z*s(x) - 8*t(x). Give q(5).
-16
Let i(w) = 37 - w - 21 - 20. Give i(9).
-13
Let y = 963 - 949. Let j(l) = -l**3 + 14*l**2 - l + 11. Give j(y).
-3
Let v(h) = h**2 - 7*h + 5. Suppose -2*b + 14 = 2*m, 3*m = -b + 5*b - 35. Suppose 5*j - b - 12 = 0. Give v(j).
-7
Let y(h) = h**3 + 2*h**2 - 5*h - 4. Let n be (-5)/(-4) + 54/72. Suppose 5*v + 0 + 12 = 3*i, v + 5 = -n*i. Determine y(v).
2
Let r(y) = 4*y**2 - 2*y - 1. Suppose 64 = 17*z + 30. Give r(z).
11
Suppose 3*x - 11 = -o, -5*o + 2*o = 3*x - 21. Let k(m) = m. Let a = -25 + 24. Let d(g) = -g**2 + 5*g - 2. Let h(p) = a*d(p) - k(p). Calculate h(o).
-3
Suppose -j = -4*j + 2*l - 88, 2*j + 76 = -3*l. Let z = j - -34. Suppose 4*u + z = -6. Let o(r) = 3*r - 2. Give o(u).
-8
Let r(b) = -5*b**2 - 5*b - 4. Let g = -1275 + 1273. Calculate r(g).
-14
Let l(r) = -r**2 + 13*r - 13. Let g(j) = -2*j**3 + 43*j**2 + 24*j - 34. Let k be g(22). Calculate l(k).
17
Let f(p) = p**2 - 9*p - 38*p**2 + 36*p**2. Determine f(-8).
8
Let z(u) = -23*u**3 + 25 - 22 + 22*u**3 - 7*u**2 + 3*u. Give z(-7).
-18
Let n be -1 - ((-38)/14 + 12/(-42)). Let z(l) = 41*l - 85*l + l**n + 43*l + 2. Let i = 1 + -1. Calculate z(i).
2
Suppose -4*a + 35 = u + 1, -a + 4*u = 0. Let v(o) = o**3 - 7*o**2 - 7*o + 10. Determine v(a).
18
Let c = 338 + -333. Let u(x) = -2*x + 6. What is u(c)?
-4
Let n(o) = -3*o + 2. Let j be (2 + -5)*(-30)/9. Let z be (-38)/(-14) + j/35. Suppose z*c + 21 = -3*l, -5*c + 3*c - 3*l = 18. Determine n(c).
11
Let k(b) = b**3 - 4*b**2 - b + 1. Let x = -28 - -31. Calculate k(x).
-11
Suppose -3*l = -15*l + 96. Suppose -l = -16*g - 24. Let p(s) = s**2 - s - 1. Calculate p(g).
1
Let t(n) = -16 + 8 - 40*n + 7. Give t(1).
-41
Let s(j) be the first derivative of -5*j**2/2 - 3*j - 94. Determine s(-4).
17
Let h(a) = 8*a + 50. Let b be h(-6). Let c(t) = -4*t**2 + 3*t - 2. Give c(b).
-12
Let k(c) = 0*c - c**2 - 2648 + 2650 + 6*c + 0*c. What is k(9)?
-25
Let y(x) = -x**3 - 6. Let v = -9 + -4. Let o be -4 + 2 + (v - 4). Let q = 19 + o. What is y(q)?
-6
Let b be -9*2*(-6)/36. Let p(i) = -2*i**2 - 5*i + 4. Determine p(b).
-29
Let l(o) be the second derivative of -o**4/12 + 7*o**3/3 - 11*o**2 - 22*o. Let u be l(12). Let m(h) = 7*h + 1. Calculate m(u).
15
Let q be (-8 - -7)/((-1)/3). Let y(z) = q*z + 3*z + 7 - 7*z. Let b(c) = -1. Let o(m) = -6*b(m) - y(m). Give o(-5).
-6
Let v(b) = -b**2 + 7*b + 17. Suppose -343*k - 117 = -356*k. Give v(k).
-1
Let m(f) = f**2 - 10*f - 14. Let x be m(11). Let n be (0 - -1) + x + 4. Let s(u) = u**2 - u - 1. Calculate s(n).
1
Let n(g) = -3*g - 5. Let d(l) = -8*l - 267. Let r be d(-32). What is n(r)?
28
Suppose 32 = 4*a - 2*a. Let d(h) = -h - a + 34 - 21 + 4*h. Let u(n) = -2*n - 1. Let r be u(1). Determine d(r).
-12
Let r(b) = -2*b**2 - 4*b - 2. Let s be r(-2). Let t be 12/s*(-8 + 9). Let a(z) = -11. Let x(w) = -w + 56. Let q(i) = 11*a(i) + 2*x(i). What is q(t)?
3
Suppose -r - 6 = -2*r. Suppose 4*z - 4 = -3*t + 1, 3*z + 3*t = r. Let n(v) = 10*v**2 - 68 + 69 - v**2. Give n(z).
10
Suppose -s - 1 = -2, x = 2*s - 7. Let o(a) = -a - 26. Calculate o(x).
-21
Let f(c) be the first derivative of c**3/3 - c - 2. Let r = -21 + 37. Let a = -17 + r. Determine f(a).
0
Let z(g) be the third derivative of 11*g**5/60 - 5*g**4/6 - 7*g**3/2 - 20*g**2. Let n(i) = -4*i**2 + 7*i + 7. Let l(d) = -8*n(d) - 3*z(d). Give l(7).
-14
Let m(h) = h**3 + 4*h**2 + 3*h + 1. Let a be m(-2). Let k = -20 + 23. Let d(y) = -y**3 + 3*y**2 + 0*y**k + y - 2*y - 21 + 23. Give d(a).
-1
Let m(h) be the second derivative of -h**5/20 + h**4/2 - 7*h**3/6 + 11*h**2/2 + 29*h. Let k be m(5). Let f(x) = -12*x. Determine f(k).
-12
Let v = 19 - 12. Let y(s) = -4*s**2 - s**3 - s**3 - 2 + v*s**2 + s. Suppose 3*a - 9*a + 5*t + 32 = 0, 2*t + 8 = 0. Determine y(a).
-4
Let b be 1/2*(7 - 232/8). Let k(u) = -u**3 - 10*u**2 + 8*u - 12. Give k(b).
21
Let w(i) = i**3 - 1. Let u be w(0). Let k(x) = -11*x**2 - x**3 + 9*x**2 - x**3 + 4*x**2 + 2*x + 1. What is k(u)?
3
Let d(q) = -27*q + 212. Let w be d(8). Let o(z) = z**3 + 4*z**2 + 3*z + 6. Give o(w).
-6
Let v(s) = -4853*s**2 - 4*s - s**3 + 4866*s**2 - 6 - 7*s. Calculate v(12).
6
Let w(k) = -k**3 - 5*k**2 + 5*k - 6. Let z be 2*(-1 + 2) - 3. Let a be z*(-1 + -1) + 4. Suppose -o = -2*o - a. Give w(o).
0
Let j(q) = 6*q - 41. Let f be j(8). Let x(r) = -r + 0 + 8 + 1 - f. Give x(8).
-6
Let k(q) = q**3 + 8*q**2 - 10*q. Suppose -39 = 4*j + w, -2*j - 33 = -2*w + 7*w. Determine k(j).
9
Let k(v) be the second derivative of 3*v**5/20 + v**4/12 + v**3/6 + v**2/2 - 14*v. Let x be k(-1). Let n(y) = y**2 + y**2 - y**2 + 2*y. What is n(x)?
0
Let d be 14/28*(-3 - 1) - -4. Let g(h) = -3*h**2 + 5*h - 4. Let a be g(d). Let p(k) = -2*k + 5. What is p(a)?
17
Let p be (9/(-6))/(15/20). Let h be (1/p)/((-4)/48). Let y(n) = 7*n + 1. Let s(x) = x. Let j(w) = h*s(w) - y(w). Calculate j(-3).
2
Suppose 0 = 2*o + 2*o. Let r(m) = m - 2 + 1 + o*m + 2. Calculate r(5).
6
Suppose -u = -2 - 3. Let a(d) = -d**3 + 6*d**2 - 6*d - 2. Let o be a(u). Let w(k) = 3*k + 8. Determine w(o).
-13
Suppose -2*k - k + 12 = 0. Let n be (0/1 - 1)*-7. Let s(q) = 4*q - 17. Let b(o) = 2*o - 9. Let g(f) = n*b(f) - 4*s(f). Give g(k).
-3
Let o(z) = -z**3 - 10*z**2 - 29*z - 1. Let x(u) = -u**3 - 11*u**2 - 26*u - 1. Let n(s) = 4*o(s) - 5*x(s). Give n(-14).
1
Let p(q) = -q**3 - 7*q**2 + q + 20. Let j(u) = -3*u**3 - 20*u**2 + 4*u + 59. Let z(h) = -3*j(h) + 8*p(h). Give z(-4).
-1
Let l(q) = 2*q**2 + q. Suppose 3*y + 19 = -4*x, 135*y = 139*y + 20. Give l(x).
1
Let a(d) be the first derivative of -11*d**2/2 - 1. Suppose k = -k. Suppose u - 1 + 0 = k. Calculate a(u).
-11
Let l(v) = -v - 2*v + 21 - 16 + 6*v. Let d(w) be the first derivative of 5*w**2 + 16*w + 1. Let n(g) = 2*d(g) - 7*l(g). Calculate n(0).
-3
Suppose 0 = -h + 2*b - 3*b + 5, 0 = h + 3*b + 5. Suppose -5*z - 115 = h. Let m = z + 19. Let w(j) = j**3 + 6*j**2 + 6. Calculate w(m).
6
Let u(k) = -k - 1. Let r(s) = s - 5. Let w be r(4). Let v(q) = -4*q - 12. Let y(p) = 2*p**2 - 9*p + 10. Let a be y(4). Let o(n) = a*u(n) + w*v(n). Give o(4).
-2
Suppose -4*v = -0*v - 12. Suppose 6*r = v*r + 6. Let y(k) = -3*k**2 + 0*k**r + k**3 + 6 - 8. Give y(3).
-2
Let c(q) = -17*q**2 + 34*q + 3. Let o(g) = -12*g**2 + 23*g + 2. Let l(k) = 5*c(k) - 7*o(k). Give l(10).
-9
Suppose -16*o - 34 = 3*u - 15*o, -2*o - 24 = 2*u. Let p(f) = 2*f**2 + 21*f - 18. Give p(u).
-7
Let h(z) = 10 - 4 + 9 - 11*z + z**2. Let t be h(11). Suppose u - 5*d + 2 = -1, -2*d = -5*u - t. Let c(m) = -2*m + 3. Give c(u).
9
Let a(j) = j**3. Let u be ((42/(-7))/(-6))/((-1)/11). Let p be (-20)/u + (-12)/(-66). Determine a(p).
8
Let f(h) = -h**3 + h**2 - h. Let b(o) = o**2 + 3*o - 3. Let u(t) = -b(t) -